culate the remainder when 222 is divided by 26.
14
Calculate the remainder when 258 is divided by 9.
6
Calculate the remainder when 244 is divided by 7.
6
What is the remainder when 120 is divided by 62?
58
Calculate the remainder when 55 is divided by 35.
20
What is the remainder when 478 is divided by 24?
22
What is the remainder when 633 is divided by 213?
207
Calculate the remainder when 449 is divided by 59.
36
Calculate the remainder when 7754 is divided by 89.
11
Calculate the remainder when 1344 is divided by 50.
44
What is the remainder when 246 is divided by 44?
26
What is the remainder when 163 is divided by 83?
80
Calculate the remainder when 1035 is divided by 147.
6
What is the remainder when 510 is divided by 129?
123
Calculate the remainder when 33 is divided by 14.
5
Calculate the remainder when 5472 is divided by 75.
72
What is the remainder when 185 is divided by 80?
25
Calculate the remainder when 55 is divided by 32.
23
Calculate the remainder when 3100 is divided by 60.
40
What is the remainder when 3534 is divided by 61?
57
Calculate the remainder when 237 is divided by 22.
17
What is the remainder when 278 is divided by 10?
8
What is the remainder when 3171 is divided by 69?
66
Calculate the remainder when 165 is divided by 24.
21
Calculate the remainder when 36513 is divided by 102.
99
Calculate the remainder when 99 is divided by 27.
18
What is the remainder when 212 is divided by 31?
26
What is the remainder when 6301 is divided by 274?
273
What is the remainder when 195 is divided by 49?
48
Calculate the remainder when 485 is divided by 27.
26
What is the remainder when 584 is divided by 39?
38
Calculate the remainder when 102 is divided by 65.
37
What is the remainder when 8959 is divided by 64?
63
What is the remainder when 12 is divided by 12?
0
What is the remainder when 309 is divided by 26?
23
Calculate the remainder when 16830 is divided by 16.
14
Calculate the remainder when 1005 is divided by 84.
81
What is the remainder when 47 is divided by 23?
1
What is the remainder when 273 is divided by 11?
9
Calculate the remainder when 60 is divided by 41.
19
Calculate the remainder when 230 is divided by 108.
14
What is the remainder when 418 is divided by 14?
12
Calculate the remainder when 423 is divided by 71.
68
Calculate the remainder when 3197 is divided by 37.
15
Calculate the remainder when 93 is divided by 28.
9
What is the remainder when 140 is divided by 132?
8
Calculate the remainder when 1775 is divided by 46.
27
What is the remainder when 140 is divided by 60?
20
Calculate the remainder when 144 is divided by 47.
3
Calculate the remainder when 273 is divided by 148.
125
Calculate the remainder when 183 is divided by 28.
15
Calculate the remainder when 451 is divided by 102.
43
What is the remainder when 407 is divided by 403?
4
What is the remainder when 142 is divided by 24?
22
What is the remainder when 244 is divided by 18?
10
Calculate the remainder when 165 is divided by 85.
80
What is the remainder when 53 is divided by 21?
11
What is the remainder when 245 is divided by 63?
56
Calculate the remainder when 311 is divided by 75.
11
Calculate the remainder when 306 is divided by 14.
12
What is the remainder when 13025 is divided by 13?
12
Calculate the remainder when 2579 is divided by 36.
23
Calculate the remainder when 81 is divided by 29.
23
Calculate the remainder when 59163 is divided by 57.
54
What is the remainder when 871 is divided by 233?
172
What is the remainder when 393 is divided by 67?
58
Calculate the remainder when 232 is divided by 110.
12
Calculate the remainder when 45 is divided by 25.
20
What is the remainder when 545 is divided by 45?
5
Calculate the remainder when 3813 is divided by 18.
15
Calculate the remainder when 381 is divided by 107.
60
Calculate the remainder when 1402 is divided by 177.
163
What is the remainder when 583 is divided by 10?
3
Calculate the remainder when 213 is divided by 74.
65
Calculate the remainder when 11 is divided by 9.
2
What is the remainder when 1909 is divided by 381?
4
Calculate the remainder when 323 is divided by 36.
35
Calculate the remainder when 13 is divided by 10.
3
What is the remainder when 942 is divided by 297?
51
What is the remainder when 180 is divided by 17?
10
Calculate the remainder when 58 is divided by 29.
0
Calculate the remainder when 1826 is divided by 111.
50
What is the remainder when 2654 is divided by 21?
8
Calculate the remainder when 161 is divided by 33.
29
What is the remainder when 503 is divided by 23?
20
Calculate the remainder when 1351 is divided by 123.
121
Calculate the remainder when 47654 is divided by 46.
44
Calculate the remainder when 163 is divided by 3.
1
What is the remainder when 406 is divided by 4?
2
Calculate the remainder when 371 is divided by 19.
10
Calculate the remainder when 3695 is divided by 66.
65
What is the remainder when 249 is divided by 12?
9
What is the remainder when 2813 is divided by 44?
41
What is the remainder when 188 is divided by 5?
3
Calculate the remainder when 727 is divided by 53.
38
Calculate the remainder when 626 is divided by 164.
134
Calculate the remainder when 286 is divided by 79.
49
What is the remainder when 183 is divided by 85?
13
Calculate the remainder when 1537 is divided by 750.
37
Calculate the remainder when 551 is divided by 62.
55
Calculate the remainder when 1715 is divided by 210.
35
Calculate the remainder when 2519 is divided by 35.
34
Calculate the remainder when 1064 is divided by 267.
263
Calculate the remainder when 3226 is divided by 190.
186
What is the remainder when 6141 is divided by 166?
165
What is the remainder when 81 is divided by 21?
18
What is the remainder when 137 is divided by 56?
25
Calculate the remainder when 107 is divided by 28.
23
Calculate the remainder when 20326 is divided by 154.
152
Calculate the remainder when 132 is divided by 17.
13
Calculate the remainder when 645 is divided by 48.
21
Calculate the remainder when 253 is divided by 25.
3
What is the remainder when 143 is divided by 26?
13
Calculate the remainder when 188 is divided by 76.
36
Calculate the remainder when 262 is divided by 82.
16
What is the remainder when 158 is divided by 84?
74
Calculate the remainder when 1455 is divided by 362.
7
What is the remainder when 899 is divided by 241?
176
What is the remainder when 3246 is divided by 58?
56
Calculate the remainder when 502 is divided by 72.
70
Calculate the remainder when 148 is divided by 78.
70
Calculate the remainder when 6587 is divided by 11.
9
What is the remainder when 243 is divided by 19?
15
Calculate the remainder when 807 is divided by 789.
18
Calculate the remainder when 681 is divided by 216.
33
Calculate the remainder when 523 is divided by 24.
19
What is the remainder when 203 is divided by 99?
5
What is the remainder when 3814 is divided by 159?
157
Calculate the remainder when 54111 is divided by 87.
84
What is the remainder when 180 is divided by 53?
21
Calculate the remainder when 137 is divided by 6.
5
What is the remainder when 136 is divided by 29?
20
What is the remainder when 128 is divided by 46?
36
Calculate the remainder when 431 is divided by 25.
6
What is the remainder when 151 is divided by 26?
21
Calculate the remainder when 252 is divided by 32.
28
What is the remainder when 39 is divided by 10?
9
What is the remainder when 203 is divided by 52?
47
Calculate the remainder when 2021 is divided by 6.
5
What is the remainder when 36748 is divided by 13?
10
What is the remainder when 986 is divided by 16?
10
What is the remainder when 1005 is divided by 71?
11
What is the remainder when 423 is divided by 287?
136
Calculate the remainder when 130 is divided by 12.
10
What is the remainder when 529 is divided by 7?
4
Calculate the remainder when 88 is divided by 31.
26
Calculate the remainder when 620 is divided by 53.
37
Calculate the remainder when 66 is divided by 10.
6
What is the remainder when 419 is divided by 137?
8
What is the remainder when 224 is divided by 27?
8
What is the remainder when 72 is divided by 25?
22
Calculate the remainder when 4448 is divided by 127.
3
Calculate the remainder when 59 is divided by 42.
17
Calculate the remainder when 390 i